{"id":205,"date":"2019-03-12T17:17:55","date_gmt":"2019-03-12T16:17:55","guid":{"rendered":"https:\/\/2ndparts.de\/?page_id=205"},"modified":"2025-04-28T11:10:08","modified_gmt":"2025-04-28T09:10:08","slug":"faq","status":"publish","type":"page","link":"https:\/\/2ndparts.de\/?page_id=205","title":{"rendered":"FAQ"},"content":{"rendered":"\n<p><strong>Abholung<\/strong><br>Eine Abholung ist nicht m\u00f6glich, da die Teile aus Sicherheitsgr\u00fcnden  extern verlagert sind. <\/p>\n\n\n\n<hr class=\"wp-block-separator\"\/>\n\n\n\n<p><strong>Produktbilder<\/strong><br>Die Produktbilder dienen einer visuellen Abbildung der angebotenen Ware.  Es ist ein allgemeines Bild &#8211; Katalogfoto. Es handelt sich um Gebrauchtteile die Verschmutzung, wie auch Roststellen, Kratzer etc. tragen k\u00f6nnen. <\/p>\n\n\n\n<hr class=\"wp-block-separator\"\/>\n\n\n\n<p><strong>Gew\u00e4hrleistung<\/strong><br>Bei einem Kauf bei uns erhalten Sie eine Gew\u00e4hrleistung auf 24 Monate ab Erhalt. Bitte beachten Sie, dass bei der Reklamation unsere Garantiesiegel nicht beeintr\u00e4chtigt sein sollten, sonst erlischt die Gew\u00e4hrleistung.<br><\/p>\n\n\n\n<hr class=\"wp-block-separator\"\/>\n\n\n\n<p><strong>Herkunft der Produkte<\/strong><br>Alle Produkte haben eine legale Herkunft. Sie kommen aus Spenderautos, von Kunden oder unseren Zulieferern.<\/p>\n\n\n\n<hr class=\"wp-block-separator\"\/>\n\n\n\n<p><strong>Kaufabwicklung \u2013 Bankverbindung? PayPal \u2013 Adresse?<\/strong><br>Unsere Bankverbindung lautet:<br>2ndParts<\/p>\n\n\n\n<p>   Postbank<\/p>\n\n\n\n<p>\n  IBAN: DE93 1001 0010 0914 8761 06<\/p>\n\n\n\n<p>   BIC:  PBNKDEFF<br><br>PayPal: info@2ndparts.de<\/p>\n\n\n\n<hr class=\"wp-block-separator\"\/>\n\n\n\n<p><strong>Kontakt<\/strong><br><\/p>\n\n\n\n<p>Mon.-Fr. 9-12 Uhr &#8211; telefonisch &#8211; 01623928425<\/p>\n\n\n\n<p>24H &#8211; per email: info@2ndparts.de<\/p>\n\n\n\n<hr class=\"wp-block-separator\"\/>\n\n\n\n<p><strong>Rechnung<\/strong><br>Zu jedem Kauf stellen wir eine Rechnung auf Ihren Namen \/ Firma &#8211; nach \u00a725a UStG. (MwSt. nicht ausweisbar), aus.<\/p>\n\n\n\n<hr class=\"wp-block-separator\"\/>\n\n\n\n<p><strong>Reparaturzeit auf Gew\u00e4hrleistung<\/strong><br>Bei einer Reklamation aus Gew\u00e4hrleistungsanspruch, haben wir 14 Tage Zeit, ab Erhalt um das Teil zu reparieren bzw. umzutauschen.<\/p>\n\n\n\n<hr class=\"wp-block-separator\"\/>\n\n\n\n<p><strong>Retoure<\/strong><br>Bitte beachten Sie, dass wir f\u00fcr die Retourkosten nicht aufkommen.<br><br>WICHTIG! <br>F\u00fcr Retouren innerhalb Deutschlands lautet die DHL Retouradresse:<\/p>\n\n\n\n<p> 2ndparts Majka Sajda<br> Postnummer 864112940<br> Packstation 101<br> 15230 Frankfurt Oder<br><br>F\u00fcr internationale Retouren lautet die Retouradresse:<br>2ndParts Majka Sajda<br>Hauptstrasse 10<br>15234 Frankfurt Oder<br>Germany <\/p>\n\n\n\n<hr class=\"wp-block-separator\"\/>\n\n\n\n<p><strong>Retour \u2013 Wo ist mein Geld?<\/strong><br>Keine Sorge! Alle R\u00fcckerstattungen t\u00e4tigen wir innerhalb von 14 Tagen.<\/p>\n\n\n\n<hr class=\"wp-block-separator\"\/>\n\n\n\n<p><strong>Sendungsnummer \/ Verfolgungsnummer<\/strong><br>Teilen wir immer mit, wenn das Paket bereits rausgeschickt wurde.<\/p>\n\n\n\n<hr class=\"wp-block-separator\"\/>\n\n\n\n<p><strong>Telefonischer R\u00fcckrufservice<\/strong><br>Praktizieren wir nicht, da wir zu viele Anfragen haben. <br>Bitte per e-mail Anfragen schicken, da es bei uns viel schneller geht!<\/p>\n\n\n\n<hr class=\"wp-block-separator\"\/>\n\n\n\n<p><strong>Verpackung<\/strong><br>Alle unsere Teile werden sorgf\u00e4ltig mit Folie und in ein Karton verpackt. Bitte bei den Retouren auch darauf achten!<\/p>\n\n\n\n<hr class=\"wp-block-separator\"\/>\n\n\n\n<p><strong>Versandkosten<\/strong><br>Wir bieten einen kostenlosen Versand innerhalb Deutschlands an. <br>Eine<\/p>\n\n\n\n<p>Ein Versand per Nachnahme kostet zzgl. 10 Euro.<br><\/p>\n\n\n\n<p>Tracked shippment within EU costs 15\u20ac.&nbsp;<br>Tracked&nbsp;shippment worldwide starts from 30\u20ac &#8211; ask via e-mail.<br><\/p>\n\n\n\n<hr class=\"wp-block-separator\"\/>\n\n\n\n<p><strong>Versandzeit<\/strong><br>Ab der Bestellung nehmen wir uns 1-2 Tage Zeit f\u00fcr die Versandvorbereitung. Danach warten wir auf die DHL Abholung weitere 1-2 Tage. Der DHL Versand nimmt in der Regel weitere 1-2 Tage.<\/p>\n\n\n\n<hr class=\"wp-block-separator\"\/>\n\n\n\n<p><strong>Wie lange muss ich auf eine Antwort warten?<\/strong><br>Per e-mail werden die Anfragen sofort beantwortet!<\/p>\n\n\n\n<hr class=\"wp-block-separator\"\/>\n\n\n\n<p><strong>Zustand<\/strong><br>Alle unsere Teile sind gebraucht, aber ein einem vollfunktionsf\u00e4higen, gepr\u00fcften Zustand.<\/p>\n","protected":false},"excerpt":{"rendered":"<p>AbholungEine Abholung ist nicht m\u00f6glich, da die Teile aus Sicherheitsgr\u00fcnden extern verlagert sind. ProduktbilderDie Produktbilder dienen einer visuellen Abbildung der angebotenen Ware. Es ist ein allgemeines Bild &#8211; Katalogfoto. Es handelt sich um Gebrauchtteile die Verschmutzung, wie auch Roststellen, Kratzer etc. tragen k\u00f6nnen. Gew\u00e4hrleistungBei einem Kauf bei uns erhalten Sie eine Gew\u00e4hrleistung auf 24 Monate &hellip; <\/p>\n<p class=\"link-more\"><a href=\"https:\/\/2ndparts.de\/?page_id=205\" class=\"more-link\">Continue reading<span class=\"screen-reader-text\"> &#8222;FAQ&#8220;<\/span><\/a><\/p>\n","protected":false},"author":1,"featured_media":0,"parent":0,"menu_order":0,"comment_status":"closed","ping_status":"closed","template":"","meta":{"footnotes":""},"class_list":["post-205","page","type-page","status-publish","hentry"],"_links":{"self":[{"href":"https:\/\/2ndparts.de\/index.php?rest_route=\/wp\/v2\/pages\/205","targetHints":{"allow":["GET"]}}],"collection":[{"href":"https:\/\/2ndparts.de\/index.php?rest_route=\/wp\/v2\/pages"}],"about":[{"href":"https:\/\/2ndparts.de\/index.php?rest_route=\/wp\/v2\/types\/page"}],"author":[{"embeddable":true,"href":"https:\/\/2ndparts.de\/index.php?rest_route=\/wp\/v2\/users\/1"}],"replies":[{"embeddable":true,"href":"https:\/\/2ndparts.de\/index.php?rest_route=%2Fwp%2Fv2%2Fcomments&post=205"}],"version-history":[{"count":6,"href":"https:\/\/2ndparts.de\/index.php?rest_route=\/wp\/v2\/pages\/205\/revisions"}],"predecessor-version":[{"id":79686,"href":"https:\/\/2ndparts.de\/index.php?rest_route=\/wp\/v2\/pages\/205\/revisions\/79686"}],"wp:attachment":[{"href":"https:\/\/2ndparts.de\/index.php?rest_route=%2Fwp%2Fv2%2Fmedia&parent=205"}],"curies":[{"name":"wp","href":"https:\/\/api.w.org\/{rel}","templated":true}]}}